 -65. What is the hundreds digit of q?
1
Let d = 259 + 75. What is the units digit of d?
4
Suppose 2*g = 3*x + 90, 0*g + 4*x = 4*g - 180. What is the units digit of g?
5
Let c(b) = 3*b. Let h be c(1). Suppose -z + 4 = 0, -2*d - 3*d + h*z = -13. Suppose 0 = 5*u - 0*l + 2*l - 3, 2*l + 7 = d*u. What is the units digit of u?
1
Let c(z) = 6*z - 1. Let i(x) = 11*x - 3. Let k(n) = -7*c(n) + 4*i(n). Let v(y) = -3*y + 4. Let b(r) = 3*k(r) + 4*v(r). What is the units digit of b(-3)?
9
Let w = -182 + 258. What is the units digit of w?
6
Let r = 69 + -15. What is the tens digit of r?
5
Let h(i) = -3*i + 23. What is the tens digit of h(-18)?
7
Let d be (104/(-20))/((-1)/5). Suppose 0 = -3*l + 76 + d. What is the units digit of l?
4
Suppose 0 = p - 5*z - 140, 0 = -3*p + 4*z + 208 + 179. What is the hundreds digit of p?
1
Suppose -6*h + 4*h = -12. Let z be h*1/(2 - 1). Let l(i) = i + 6. What is the tens digit of l(z)?
1
Let n = 0 - -64. What is the units digit of n?
4
Suppose n + 2 = 2*n. Suppose 5*p - 2*i - 3*i = -5, 5*p + n = 2*i. Suppose -5*l - 10 = p, 4*v - l + 18 = 6*v. What is the units digit of v?
0
Suppose -4*c + 8*c = 16. Suppose -j = -h + 4*j + 22, 5*h - c*j = 26. What is the units digit of 2/(-2)*(-10)/h?
5
Suppose 2*l - 241 = -5*p, 3*l = -4*p + 3*p + 43. What is the units digit of p?
9
Let w = 38 - 26. Suppose g - w = -0*g. Suppose g + 20 = 4*t. What is the units digit of t?
8
Suppose 5*k = 7*k - 98. What is the units digit of k?
9
Suppose l - z = 67, 165 - 25 = 2*l - 4*z. What is the tens digit of l?
6
Let n(z) = z**3 - 3*z**2 + 4. Let u be n(3). Suppose s - 5*s + u*m + 148 = 0, -5*m = 4*s - 103. What is the tens digit of s?
3
Let o(p) = -6*p + 1. What is the units digit of o(-4)?
5
Let w(z) = z**3 - 2*z**2 - z - 3. Let f be w(3). Suppose 15 = -4*p + f. What is the units digit of (-2)/p*(-66)/(-4)?
1
Let h(c) = 18*c + 8. Let x(m) = m + 1. Let f(l) = -h(l) + 3*x(l). What is the tens digit of f(-2)?
2
What is the tens digit of 50 - 4/(8/(-6))?
5
Let t = -6 + 10. Suppose -t*v - 15 = -3. What is the units digit of (-3)/(1*v/5)?
5
Let j = 3 - 0. What is the tens digit of (j/9)/((-1)/(-75))?
2
Let p(h) = 12*h**2 - 6 - h + 6. Let i be p(1). Let w = i + -8. What is the units digit of w?
3
Suppose -4 = 5*w - 29. Suppose w*c - 15 - 50 = 0. What is the units digit of c?
3
Let d be 16/1 - (-4)/2. Suppose c + 23 = -4. What is the units digit of 4/d + (-129)/c?
5
Let g be (6/15 - 0)*5. Suppose 24 = g*m - 2*l, 4*m + m - 52 = l. Suppose 4*o - m = 3*o. What is the tens digit of o?
1
Let i(x) = x**3 + 14*x**2 - x - 19. Let q be i(-14). Let l = q + 9. What is the units digit of l?
4
Suppose 4*l - 4 = 2*l. Suppose l*d = d + 4. Suppose -3 + d = t. What is the units digit of t?
1
Let m(a) = -7*a**3 - 5*a + 12. Let h(i) = -6*i**3 - 4*i + 13. Let d(p) = 6*h(p) - 5*m(p). What is the tens digit of d(0)?
1
Suppose -3*m = -m - 4. Let h(k) = k - 4. Let g be h(7). Suppose -5*l + g = -m. What is the units digit of l?
1
Suppose 71 + 46 = 5*q - 2*y, 0 = y - 4. Let s = q + -13. What is the tens digit of s?
1
Let d be 4/20 + (-19)/(-5). Suppose 3*l + 3 = d*s - 0, 3*l + 3 = -2*s. What is the units digit of (7/4)/(l/(-4))?
7
Let v(s) = s**3 + 7*s**2 - 2*s - 9. Let l(o) = -2*o**2 - 4*o - 1. Let c be l(-3). What is the units digit of v(c)?
5
Let q(p) = -2*p**2 + 1. Let l be q(1). Let g = 1 - l. Suppose -2*u + 5*c = -27, -g*u = -3*u - 3*c - 14. What is the units digit of u?
1
Let i(h) = -15*h - 8. What is the units digit of i(-5)?
7
Suppose 5*f + 6 = 16. Suppose 2*g - 2*u - 4 = -4*u, -f*u = 3*g - 6. What is the units digit of g?
2
Suppose -4*m - 9 = h, 4*m = 2*h - 7*h - 13. Let f(v) = -2*v - 3. Let c be f(m). Suppose -2*o + 4*b - c = o, -3 = -5*o + 2*b. What is the units digit of o?
1
Let c be (4/10)/((-1)/20). Let x(t) = t**2 + 6*t - 6. Let j be x(c). What is the tens digit of 142/j + 1/(-5)?
1
Let h(a) = -a**3 + 7*a**2 + 6*a - 7. What is the units digit of h(7)?
5
Suppose 2*g - 18 = -x + 6*x, -g + 15 = -4*x. Let s be 18/6*(-1 - 0). Let b = g - s. What is the units digit of b?
2
Let c(i) = 3*i + 21 - 6 - 2*i. Let v = -48 + 48. What is the tens digit of c(v)?
1
Let m(c) = 2*c**2 + 2*c + 13. What is the hundreds digit of m(-8)?
1
Let j = 16 - 34. Let x = -13 - j. Suppose x*v = -6 + 16. What is the units digit of v?
2
Let b(m) = 2*m + 11. What is the units digit of b(6)?
3
Let r(s) = 2 + 6*s**2 - 3*s**2 - 5*s**2 - 2*s + s**3 - 3*s. What is the units digit of r(4)?
4
Let b(z) = -z**2 - z - 1. Let s(a) = 8*a**2 - 5*a - 3. Suppose 4*j - 12 = p - 2*p, -3*p - 28 = -4*j. Let i(w) = p*b(w) + s(w). What is the tens digit of i(1)?
1
Suppose b + 7 + 0 = 0. What is the units digit of (1*-9)/(b + 6)?
9
Suppose -2*r + 5*n = -4*r + 26, -2*r + 18 = 3*n. Suppose -2*u - 1 = -5*g + 18, 0 = 2*u + r*g - 21. Suppose -2*y = -u*y + 6. What is the units digit of y?
6
Suppose 0 = -4*t + g + 100, -3*t = 2*t - 4*g - 114. Suppose -t = -0*z - z. What is the units digit of z?
6
Suppose 100 = 2*j + 2*j. What is the tens digit of j?
2
Let j = 8 - 7. Let q be j/(-1)*(6 - 28). Suppose 3*b = b + q. What is the tens digit of b?
1
Let x(c) = 14*c - 1. Let y be x(-1). Let o = y - -24. What is the units digit of o?
9
Suppose 5*h + 4*m - 14 = 0, h = 3*h - 2*m - 2. Let b be h - (-4 + 3) - 3. Suppose 2*j - 5*j + 48 = b. What is the units digit of j?
6
Let p be ((-6)/3)/((-2)/(-10)). Let o = -16 - p. What is the units digit of (o/(-10))/(6/30)?
3
Let a = -22 - -39. What is the units digit of a?
7
Let w = 1 - 2. Let b(j) = -12*j**3 - 2*j + 2*j + j. What is the tens digit of b(w)?
1
Let s = -34 + 78. What is the tens digit of s?
4
Suppose 6*m + 12 - 300 = 0. What is the units digit of m?
8
Suppose -38 = -4*u + 22. What is the tens digit of u?
1
Suppose -4*t = 3*v - 202, 0 = -5*t + 6*v - 4*v + 264. Let w = -28 + t. What is the tens digit of w?
2
What is the units digit of -1 + 4 - (-21 + 20)?
4
Suppose -2*q - 3 = 3. Let k = -5 - q. Let m = -1 - k. What is the units digit of m?
1
Let y(c) = -13*c + 7. What is the hundreds digit of y(-17)?
2
Let x(p) = -18*p + 7. What is the units digit of x(-5)?
7
Let n be 3/(-12) - (-58)/8. Let l = 11 + n. What is the tens digit of l?
1
Let o = 0 + 12. Let r = 29 + -25. Let l = o - r. What is the units digit of l?
8
Suppose 0 = -3*p + 24. Suppose -8 = -2*y + p. What is the units digit of y?
8
Suppose 3*w - 42 = 21. Suppose -u + w = -20. What is the units digit of u?
1
Let c(r) = -7*r - 12. What is the tens digit of c(-11)?
6
Let m = -11 - -16. Suppose m*b - c - 9 = 16, 4*b = -c + 20. What is the units digit of b?
5
Suppose -83 = 5*f + 137. Let z = 26 + f. What is the units digit of (11/(-3))/(3/z)?
2
Suppose 0 = 5*f + 6 - 21. Suppose -5*l = -f*l - 4. Suppose 5 = 5*o + 5*h, -3*h = -o - l*h + 9. What is the units digit of o?
5
Suppose -3 - 12 = -5*o. Suppose 0 = -5*p + 5*h - 5, -2*h - 2*h = o*p - 25. What is the units digit of p?
3
Suppose 5*u = 3*u + 2. Let h = u + 3. Suppose 3*b + 3*a = 15, -9 = -b - a + h*a. What is the units digit of b?
6
Let k be 2/((4 - 0) + -3). Suppose k*q + 10 = -3*q. What is the units digit of (-16)/(-3) - q/3?
6
Suppose 0 = v + 4, 3*v = 2*y - y - 12. Suppose 5*u = l + 2*l - 137, y = 5*l + 4*u - 253. What is the tens digit of l?
4
What is the hundreds digit of 10/(-4)*(-996)/15?
1
Let d = 24 - 11. Let l = -10 + d. Let s = l + 3. What is the units digit of s?
6
Suppose -2*r = r - 189. What is the tens digit of r?
6
What is the units digit of 2/7 + 1809/63?
9
Let z(y) = -y**3 - 2*y**2 - 4. Let h be z(-3). Suppose 2*o - 7*o = -h. What is the units digit of o?
1
Suppose -4 = -0*x - 4*x. Let y(t) = 9*t**3 - t**2 - t - 1. Let c(l) = -8*l**3 + l**2 + 1. Let q(m) = -3*c(m) - 2*y(m). What is the units digit of q(x)?
6
Suppose -19 - 49 = 2*j. Let r = j - -61. What is the units digit of r?
7
What is the tens digit of (477/(-54))/(1/(-6))?
5
Let y(d) = d**2 - 8*d - 1. Let u = -14 + 24. What is the tens digit of y(u)?
1
Suppose -q - 3*q = -12. Suppose -y = -11 + q. What is the units digit of y?
8
Let l = -13 - -7. Let x be 2 - l/(9/3). Suppose -3*r + x*n - 2 = 0, r + 5*n - 11 - 1 = 0. What is the units digit of r?
2
Let y = 6 - -14. What is the tens digit of y?
2
Let t(b) = 5*b**2 - 3*b - 11. Let i(v) = v**2 + v - 1. Let q(c) = -6*i(c) + t(c). Let w(h) = -2*h**2 + 2. Let d be w(-2)